{"id":6914,"date":"2015-11-23T10:13:01","date_gmt":"2015-11-23T10:13:01","guid":{"rendered":"https:\/\/pirenko-themes.com\/verve\/?page_id=6914"},"modified":"2021-08-14T12:35:28","modified_gmt":"2021-08-14T10:35:28","slug":"ag-agence-de-communication","status":"publish","type":"page","link":"https:\/\/artandgraf.com\/","title":{"rendered":"Accueil"},"content":{"rendered":"\t\t<div data-elementor-type=\"wp-page\" data-elementor-id=\"6914\" class=\"elementor elementor-6914\">\n\t\t\t\t\t\t<section class=\"elementor-section elementor-top-section elementor-element elementor-element-d4eb252 elementor-section-full_width elementor-section-height-default elementor-section-height-default\" data-id=\"d4eb252\" data-element_type=\"section\" data-settings=\"{&quot;background_background&quot;:&quot;gradient&quot;}\">\n\t\t\t\t\t\t<div class=\"elementor-container elementor-column-gap-default\">\n\t\t\t\t\t<div class=\"elementor-column elementor-col-100 elementor-top-column elementor-element elementor-element-9cc374b\" data-id=\"9cc374b\" data-element_type=\"column\" data-settings=\"{&quot;background_background&quot;:&quot;classic&quot;}\">\n\t\t\t<div class=\"elementor-widget-wrap elementor-element-populated\">\n\t\t\t\t\t\t<div class=\"elementor-element elementor-element-prkel_text_rotator_feed_id elementor-widget__width-inherit elementor-absolute elementor-invisible elementor-widget elementor-widget-prkel_text_rotator_feed\" data-id=\"prkel_text_rotator_feed_id\" data-element_type=\"widget\" data-settings=\"{&quot;_animation&quot;:&quot;fadeInUp&quot;,&quot;_position&quot;:&quot;absolute&quot;}\" data-widget_type=\"prkel_text_rotator_feed.default\">\n\t\t\t\t<div class=\"elementor-widget-container\">\n\t\t\t\t\t<div class=\"prk_text_rotator header_font per_init h4_sized\" style=\"color:#FFFFFF;text-shadow:0px 0px 1px rgba(255, 255, 255,0.2);\"><div class=\"cd-headline scale letters\" data-speed=\"2500\"><span><\/span><span class=\"cd-words-wrapper\"><b class=\"is-visible\">CHEZ NOUS <\/b><b>VOUS POUVEZ VOIR GRAND<\/b><\/span><\/div><\/div>\t\t\t\t<\/div>\n\t\t\t\t<\/div>\n\t\t\t\t\t<\/div>\n\t\t<\/div>\n\t\t\t\t\t<\/div>\n\t\t<\/section>\n\t\t\t\t<section class=\"elementor-section elementor-top-section elementor-element elementor-element-e037881 elementor-section-full_width elementor-section-height-default elementor-section-height-default\" data-id=\"e037881\" data-element_type=\"section\">\n\t\t\t\t\t\t<div class=\"elementor-container elementor-column-gap-default\">\n\t\t\t\t\t<div class=\"elementor-column elementor-col-100 elementor-top-column elementor-element elementor-element-0b6fc33\" data-id=\"0b6fc33\" data-element_type=\"column\">\n\t\t\t<div class=\"elementor-widget-wrap\">\n\t\t\t\t\t\t\t<\/div>\n\t\t<\/div>\n\t\t\t\t\t<\/div>\n\t\t<\/section>\n\t\t\t\t<section class=\"elementor-section elementor-top-section elementor-element elementor-element-123e18a elementor-section-boxed elementor-section-height-default elementor-section-height-default\" data-id=\"123e18a\" data-element_type=\"section\">\n\t\t\t\t\t\t<div class=\"elementor-container elementor-column-gap-default\">\n\t\t\t\t\t<div class=\"elementor-column elementor-col-100 elementor-top-column elementor-element elementor-element-ea7ce7e\" data-id=\"ea7ce7e\" data-element_type=\"column\">\n\t\t\t<div class=\"elementor-widget-wrap elementor-element-populated\">\n\t\t\t\t\t\t<div class=\"elementor-element elementor-element-c5d2b13 elementor-widget elementor-widget-spacer\" data-id=\"c5d2b13\" data-element_type=\"widget\" data-widget_type=\"spacer.default\">\n\t\t\t\t<div class=\"elementor-widget-container\">\n\t\t\t\t\t\t\t<div class=\"elementor-spacer\">\n\t\t\t<div class=\"elementor-spacer-inner\"><\/div>\n\t\t<\/div>\n\t\t\t\t\t\t<\/div>\n\t\t\t\t<\/div>\n\t\t\t\t\t<\/div>\n\t\t<\/div>\n\t\t\t\t\t<\/div>\n\t\t<\/section>\n\t\t\t\t<section class=\"elementor-section elementor-top-section elementor-element elementor-element-4977eb2 elementor-section-full_width elementor-section-height-default elementor-section-height-default\" data-id=\"4977eb2\" data-element_type=\"section\">\n\t\t\t\t\t\t<div class=\"elementor-container elementor-column-gap-default\">\n\t\t\t\t\t<div class=\"elementor-column elementor-col-25 elementor-top-column elementor-element elementor-element-49c2124\" data-id=\"49c2124\" data-element_type=\"column\">\n\t\t\t<div class=\"elementor-widget-wrap elementor-element-populated\">\n\t\t\t\t\t\t<div class=\"elementor-element elementor-element-3e86168 elementor-invisible elementor-widget elementor-widget-image\" data-id=\"3e86168\" data-element_type=\"widget\" data-settings=\"{&quot;_animation&quot;:&quot;swing&quot;}\" data-widget_type=\"image.default\">\n\t\t\t\t<div class=\"elementor-widget-container\">\n\t\t\t\t\t\t\t\t\t\t\t\t\t\t\t<img fetchpriority=\"high\" decoding=\"async\" width=\"216\" height=\"300\" src=\"https:\/\/artandgraf.com\/wp-content\/uploads\/2020\/01\/solutions-innovantes-216x300.png\" class=\"attachment-medium size-medium wp-image-278\" alt=\"\" srcset=\"https:\/\/artandgraf.com\/wp-content\/uploads\/2020\/01\/solutions-innovantes-216x300.png 216w, https:\/\/artandgraf.com\/wp-content\/uploads\/2020\/01\/solutions-innovantes-600x834.png 600w, https:\/\/artandgraf.com\/wp-content\/uploads\/2020\/01\/solutions-innovantes-737x1024.png 737w, https:\/\/artandgraf.com\/wp-content\/uploads\/2020\/01\/solutions-innovantes.png 755w\" sizes=\"(max-width: 216px) 100vw, 216px\" \/>\t\t\t\t\t\t\t\t\t\t\t\t\t\t\t<\/div>\n\t\t\t\t<\/div>\n\t\t\t\t\t<\/div>\n\t\t<\/div>\n\t\t\t\t<div class=\"elementor-column elementor-col-25 elementor-top-column elementor-element elementor-element-17b555e\" data-id=\"17b555e\" data-element_type=\"column\">\n\t\t\t<div class=\"elementor-widget-wrap elementor-element-populated\">\n\t\t\t\t\t\t<div class=\"elementor-element elementor-element-53b287b elementor-invisible elementor-widget elementor-widget-image\" data-id=\"53b287b\" data-element_type=\"widget\" data-settings=\"{&quot;_animation&quot;:&quot;swing&quot;}\" data-widget_type=\"image.default\">\n\t\t\t\t<div class=\"elementor-widget-container\">\n\t\t\t\t\t\t\t\t\t\t\t\t\t\t\t<img decoding=\"async\" width=\"216\" height=\"300\" src=\"https:\/\/artandgraf.com\/wp-content\/uploads\/2020\/01\/on-vous-\u00e9coute-216x300.png\" class=\"attachment-medium size-medium wp-image-280\" alt=\"\" srcset=\"https:\/\/artandgraf.com\/wp-content\/uploads\/2020\/01\/on-vous-\u00e9coute-216x300.png 216w, https:\/\/artandgraf.com\/wp-content\/uploads\/2020\/01\/on-vous-\u00e9coute-600x834.png 600w, https:\/\/artandgraf.com\/wp-content\/uploads\/2020\/01\/on-vous-\u00e9coute-737x1024.png 737w, https:\/\/artandgraf.com\/wp-content\/uploads\/2020\/01\/on-vous-\u00e9coute.png 755w\" sizes=\"(max-width: 216px) 100vw, 216px\" \/>\t\t\t\t\t\t\t\t\t\t\t\t\t\t\t<\/div>\n\t\t\t\t<\/div>\n\t\t\t\t\t<\/div>\n\t\t<\/div>\n\t\t\t\t<div class=\"elementor-column elementor-col-25 elementor-top-column elementor-element elementor-element-4f8c557\" data-id=\"4f8c557\" data-element_type=\"column\">\n\t\t\t<div class=\"elementor-widget-wrap elementor-element-populated\">\n\t\t\t\t\t\t<div class=\"elementor-element elementor-element-6eb544b elementor-invisible elementor-widget elementor-widget-image\" data-id=\"6eb544b\" data-element_type=\"widget\" data-settings=\"{&quot;_animation&quot;:&quot;swing&quot;}\" data-widget_type=\"image.default\">\n\t\t\t\t<div class=\"elementor-widget-container\">\n\t\t\t\t\t\t\t\t\t\t\t\t\t\t\t<img decoding=\"async\" width=\"216\" height=\"300\" src=\"https:\/\/artandgraf.com\/wp-content\/uploads\/2020\/01\/budgets-216x300.png\" class=\"attachment-medium size-medium wp-image-285\" alt=\"\" srcset=\"https:\/\/artandgraf.com\/wp-content\/uploads\/2020\/01\/budgets-216x300.png 216w, https:\/\/artandgraf.com\/wp-content\/uploads\/2020\/01\/budgets-600x834.png 600w, https:\/\/artandgraf.com\/wp-content\/uploads\/2020\/01\/budgets-737x1024.png 737w, https:\/\/artandgraf.com\/wp-content\/uploads\/2020\/01\/budgets.png 755w\" sizes=\"(max-width: 216px) 100vw, 216px\" \/>\t\t\t\t\t\t\t\t\t\t\t\t\t\t\t<\/div>\n\t\t\t\t<\/div>\n\t\t\t\t\t<\/div>\n\t\t<\/div>\n\t\t\t\t<div class=\"elementor-column elementor-col-25 elementor-top-column elementor-element elementor-element-0b00d34\" data-id=\"0b00d34\" data-element_type=\"column\">\n\t\t\t<div class=\"elementor-widget-wrap elementor-element-populated\">\n\t\t\t\t\t\t<div class=\"elementor-element elementor-element-3ce11c1 elementor-invisible elementor-widget elementor-widget-image\" data-id=\"3ce11c1\" data-element_type=\"widget\" data-settings=\"{&quot;_animation&quot;:&quot;swing&quot;}\" data-widget_type=\"image.default\">\n\t\t\t\t<div class=\"elementor-widget-container\">\n\t\t\t\t\t\t\t\t\t\t\t\t\t\t\t<img loading=\"lazy\" decoding=\"async\" width=\"216\" height=\"300\" src=\"https:\/\/artandgraf.com\/wp-content\/uploads\/2020\/01\/swag-216x300.png\" class=\"attachment-medium size-medium wp-image-287\" alt=\"\" srcset=\"https:\/\/artandgraf.com\/wp-content\/uploads\/2020\/01\/swag-216x300.png 216w, https:\/\/artandgraf.com\/wp-content\/uploads\/2020\/01\/swag-600x834.png 600w, https:\/\/artandgraf.com\/wp-content\/uploads\/2020\/01\/swag-737x1024.png 737w, https:\/\/artandgraf.com\/wp-content\/uploads\/2020\/01\/swag.png 755w\" sizes=\"(max-width: 216px) 100vw, 216px\" \/>\t\t\t\t\t\t\t\t\t\t\t\t\t\t\t<\/div>\n\t\t\t\t<\/div>\n\t\t\t\t\t<\/div>\n\t\t<\/div>\n\t\t\t\t\t<\/div>\n\t\t<\/section>\n\t\t\t\t<section class=\"elementor-section elementor-top-section elementor-element elementor-element-9258eef elementor-section-boxed elementor-section-height-default elementor-section-height-default\" data-id=\"9258eef\" data-element_type=\"section\">\n\t\t\t\t\t\t<div class=\"elementor-container elementor-column-gap-default\">\n\t\t\t\t\t<div class=\"elementor-column elementor-col-100 elementor-top-column elementor-element elementor-element-73249bf\" data-id=\"73249bf\" data-element_type=\"column\">\n\t\t\t<div class=\"elementor-widget-wrap elementor-element-populated\">\n\t\t\t\t\t\t<div class=\"elementor-element elementor-element-65c0dd7 elementor-widget elementor-widget-spacer\" data-id=\"65c0dd7\" data-element_type=\"widget\" data-widget_type=\"spacer.default\">\n\t\t\t\t<div class=\"elementor-widget-container\">\n\t\t\t\t\t\t\t<div class=\"elementor-spacer\">\n\t\t\t<div class=\"elementor-spacer-inner\"><\/div>\n\t\t<\/div>\n\t\t\t\t\t\t<\/div>\n\t\t\t\t<\/div>\n\t\t\t\t\t<\/div>\n\t\t<\/div>\n\t\t\t\t\t<\/div>\n\t\t<\/section>\n\t\t\t\t<\/div>\n\t\t","protected":false},"excerpt":{"rendered":"","protected":false},"author":1,"featured_media":9232,"parent":0,"menu_order":0,"comment_status":"closed","ping_status":"closed","template":"page-portfolio-after.php","meta":{"_monsterinsights_skip_tracking":false,"_monsterinsights_sitenote_active":false,"_monsterinsights_sitenote_note":"","_monsterinsights_sitenote_category":0,"footnotes":""},"class_list":["post-6914","page","type-page","status-publish","has-post-thumbnail","hentry"],"yoast_head":"<!-- This site is optimized with the Yoast SEO plugin v26.7 - https:\/\/yoast.com\/wordpress\/plugins\/seo\/ -->\n<title>Accueil - A&amp;G<\/title>\n<meta name=\"description\" content=\"A&amp;G - Agence de Communication bas\u00e9e \u00e0 Ste M\u00e9nehould, c&#039;est une \u00e9quipe de professionnels \u00e0 votre \u00e9coute. Cr\u00e9\u00e9e en 2020, nous accompagnons au quotidien professionnels et particuliers dans leurs projets et am\u00e9liorons leur visibilit\u00e9. Conception de tout type de supports de communication. Design graphique, signal\u00e9tiques, goodies, sites web...etc !\" \/>\n<meta name=\"robots\" content=\"index, follow, max-snippet:-1, max-image-preview:large, max-video-preview:-1\" \/>\n<link rel=\"canonical\" href=\"https:\/\/artandgraf.com\/\" \/>\n<meta property=\"og:locale\" content=\"fr_FR\" \/>\n<meta property=\"og:type\" content=\"article\" \/>\n<meta property=\"og:title\" content=\"Accueil - A&amp;G\" \/>\n<meta property=\"og:description\" content=\"A&amp;G - Agence de Communication bas\u00e9e \u00e0 Ste M\u00e9nehould, c&#039;est une \u00e9quipe de professionnels \u00e0 votre \u00e9coute. Cr\u00e9\u00e9e en 2020, nous accompagnons au quotidien professionnels et particuliers dans leurs projets et am\u00e9liorons leur visibilit\u00e9. Conception de tout type de supports de communication. Design graphique, signal\u00e9tiques, goodies, sites web...etc !\" \/>\n<meta property=\"og:url\" content=\"https:\/\/artandgraf.com\/\" \/>\n<meta property=\"og:site_name\" content=\"A&amp;G\" \/>\n<meta property=\"article:modified_time\" content=\"2021-08-14T10:35:28+00:00\" \/>\n<meta property=\"og:image\" content=\"https:\/\/artandgraf.com\/wp-content\/uploads\/2017\/05\/Sans-titre-3.png\" \/>\n\t<meta property=\"og:image:width\" content=\"1200\" \/>\n\t<meta property=\"og:image:height\" content=\"900\" \/>\n\t<meta property=\"og:image:type\" content=\"image\/png\" \/>\n<meta name=\"twitter:card\" content=\"summary_large_image\" \/>\n<meta name=\"twitter:label1\" content=\"Dur\u00e9e de lecture estim\u00e9e\" \/>\n\t<meta name=\"twitter:data1\" content=\"1 minute\" \/>\n<script type=\"application\/ld+json\" class=\"yoast-schema-graph\">{\"@context\":\"https:\/\/schema.org\",\"@graph\":[{\"@type\":\"WebPage\",\"@id\":\"https:\/\/artandgraf.com\/\",\"url\":\"https:\/\/artandgraf.com\/\",\"name\":\"Accueil - A&amp;G\",\"isPartOf\":{\"@id\":\"https:\/\/artandgraf.com\/#website\"},\"primaryImageOfPage\":{\"@id\":\"https:\/\/artandgraf.com\/#primaryimage\"},\"image\":{\"@id\":\"https:\/\/artandgraf.com\/#primaryimage\"},\"thumbnailUrl\":\"https:\/\/artandgraf.com\/wp-content\/uploads\/2017\/05\/Sans-titre-3.png\",\"datePublished\":\"2015-11-23T10:13:01+00:00\",\"dateModified\":\"2021-08-14T10:35:28+00:00\",\"description\":\"A&G - Agence de Communication bas\u00e9e \u00e0 Ste M\u00e9nehould, c'est une \u00e9quipe de professionnels \u00e0 votre \u00e9coute. Cr\u00e9\u00e9e en 2020, nous accompagnons au quotidien professionnels et particuliers dans leurs projets et am\u00e9liorons leur visibilit\u00e9. Conception de tout type de supports de communication. Design graphique, signal\u00e9tiques, goodies, sites web...etc !\",\"breadcrumb\":{\"@id\":\"https:\/\/artandgraf.com\/#breadcrumb\"},\"inLanguage\":\"fr-FR\",\"potentialAction\":[{\"@type\":\"ReadAction\",\"target\":[\"https:\/\/artandgraf.com\/\"]}]},{\"@type\":\"ImageObject\",\"inLanguage\":\"fr-FR\",\"@id\":\"https:\/\/artandgraf.com\/#primaryimage\",\"url\":\"https:\/\/artandgraf.com\/wp-content\/uploads\/2017\/05\/Sans-titre-3.png\",\"contentUrl\":\"https:\/\/artandgraf.com\/wp-content\/uploads\/2017\/05\/Sans-titre-3.png\",\"width\":1200,\"height\":900},{\"@type\":\"BreadcrumbList\",\"@id\":\"https:\/\/artandgraf.com\/#breadcrumb\",\"itemListElement\":[{\"@type\":\"ListItem\",\"position\":1,\"name\":\"Accueil\",\"item\":\"https:\/\/artandgraf.com\/\"},{\"@type\":\"ListItem\",\"position\":2,\"name\":\"Accueil\"}]},{\"@type\":\"WebSite\",\"@id\":\"https:\/\/artandgraf.com\/#website\",\"url\":\"https:\/\/artandgraf.com\/\",\"name\":\"A&amp;G\",\"description\":\"Chez nous, vous pouvez voir GRAND.\",\"potentialAction\":[{\"@type\":\"SearchAction\",\"target\":{\"@type\":\"EntryPoint\",\"urlTemplate\":\"https:\/\/artandgraf.com\/?s={search_term_string}\"},\"query-input\":{\"@type\":\"PropertyValueSpecification\",\"valueRequired\":true,\"valueName\":\"search_term_string\"}}],\"inLanguage\":\"fr-FR\"}]}<\/script>\n<!-- \/ Yoast SEO plugin. -->","yoast_head_json":{"title":"Accueil - A&amp;G","description":"A&G - Agence de Communication bas\u00e9e \u00e0 Ste M\u00e9nehould, c'est une \u00e9quipe de professionnels \u00e0 votre \u00e9coute. Cr\u00e9\u00e9e en 2020, nous accompagnons au quotidien professionnels et particuliers dans leurs projets et am\u00e9liorons leur visibilit\u00e9. Conception de tout type de supports de communication. Design graphique, signal\u00e9tiques, goodies, sites web...etc !","robots":{"index":"index","follow":"follow","max-snippet":"max-snippet:-1","max-image-preview":"max-image-preview:large","max-video-preview":"max-video-preview:-1"},"canonical":"https:\/\/artandgraf.com\/","og_locale":"fr_FR","og_type":"article","og_title":"Accueil - A&amp;G","og_description":"A&G - Agence de Communication bas\u00e9e \u00e0 Ste M\u00e9nehould, c'est une \u00e9quipe de professionnels \u00e0 votre \u00e9coute. Cr\u00e9\u00e9e en 2020, nous accompagnons au quotidien professionnels et particuliers dans leurs projets et am\u00e9liorons leur visibilit\u00e9. Conception de tout type de supports de communication. Design graphique, signal\u00e9tiques, goodies, sites web...etc !","og_url":"https:\/\/artandgraf.com\/","og_site_name":"A&amp;G","article_modified_time":"2021-08-14T10:35:28+00:00","og_image":[{"width":1200,"height":900,"url":"https:\/\/artandgraf.com\/wp-content\/uploads\/2017\/05\/Sans-titre-3.png","type":"image\/png"}],"twitter_card":"summary_large_image","twitter_misc":{"Dur\u00e9e de lecture estim\u00e9e":"1 minute"},"schema":{"@context":"https:\/\/schema.org","@graph":[{"@type":"WebPage","@id":"https:\/\/artandgraf.com\/","url":"https:\/\/artandgraf.com\/","name":"Accueil - A&amp;G","isPartOf":{"@id":"https:\/\/artandgraf.com\/#website"},"primaryImageOfPage":{"@id":"https:\/\/artandgraf.com\/#primaryimage"},"image":{"@id":"https:\/\/artandgraf.com\/#primaryimage"},"thumbnailUrl":"https:\/\/artandgraf.com\/wp-content\/uploads\/2017\/05\/Sans-titre-3.png","datePublished":"2015-11-23T10:13:01+00:00","dateModified":"2021-08-14T10:35:28+00:00","description":"A&G - Agence de Communication bas\u00e9e \u00e0 Ste M\u00e9nehould, c'est une \u00e9quipe de professionnels \u00e0 votre \u00e9coute. Cr\u00e9\u00e9e en 2020, nous accompagnons au quotidien professionnels et particuliers dans leurs projets et am\u00e9liorons leur visibilit\u00e9. Conception de tout type de supports de communication. Design graphique, signal\u00e9tiques, goodies, sites web...etc !","breadcrumb":{"@id":"https:\/\/artandgraf.com\/#breadcrumb"},"inLanguage":"fr-FR","potentialAction":[{"@type":"ReadAction","target":["https:\/\/artandgraf.com\/"]}]},{"@type":"ImageObject","inLanguage":"fr-FR","@id":"https:\/\/artandgraf.com\/#primaryimage","url":"https:\/\/artandgraf.com\/wp-content\/uploads\/2017\/05\/Sans-titre-3.png","contentUrl":"https:\/\/artandgraf.com\/wp-content\/uploads\/2017\/05\/Sans-titre-3.png","width":1200,"height":900},{"@type":"BreadcrumbList","@id":"https:\/\/artandgraf.com\/#breadcrumb","itemListElement":[{"@type":"ListItem","position":1,"name":"Accueil","item":"https:\/\/artandgraf.com\/"},{"@type":"ListItem","position":2,"name":"Accueil"}]},{"@type":"WebSite","@id":"https:\/\/artandgraf.com\/#website","url":"https:\/\/artandgraf.com\/","name":"A&amp;G","description":"Chez nous, vous pouvez voir GRAND.","potentialAction":[{"@type":"SearchAction","target":{"@type":"EntryPoint","urlTemplate":"https:\/\/artandgraf.com\/?s={search_term_string}"},"query-input":{"@type":"PropertyValueSpecification","valueRequired":true,"valueName":"search_term_string"}}],"inLanguage":"fr-FR"}]}},"_links":{"self":[{"href":"https:\/\/artandgraf.com\/index.php\/wp-json\/wp\/v2\/pages\/6914","targetHints":{"allow":["GET"]}}],"collection":[{"href":"https:\/\/artandgraf.com\/index.php\/wp-json\/wp\/v2\/pages"}],"about":[{"href":"https:\/\/artandgraf.com\/index.php\/wp-json\/wp\/v2\/types\/page"}],"author":[{"embeddable":true,"href":"https:\/\/artandgraf.com\/index.php\/wp-json\/wp\/v2\/users\/1"}],"replies":[{"embeddable":true,"href":"https:\/\/artandgraf.com\/index.php\/wp-json\/wp\/v2\/comments?post=6914"}],"version-history":[{"count":88,"href":"https:\/\/artandgraf.com\/index.php\/wp-json\/wp\/v2\/pages\/6914\/revisions"}],"predecessor-version":[{"id":10414,"href":"https:\/\/artandgraf.com\/index.php\/wp-json\/wp\/v2\/pages\/6914\/revisions\/10414"}],"wp:featuredmedia":[{"embeddable":true,"href":"https:\/\/artandgraf.com\/index.php\/wp-json\/wp\/v2\/media\/9232"}],"wp:attachment":[{"href":"https:\/\/artandgraf.com\/index.php\/wp-json\/wp\/v2\/media?parent=6914"}],"curies":[{"name":"wp","href":"https:\/\/api.w.org\/{rel}","templated":true}]}}